a584
Convert 212011120122 (base 3) to base 6.
13435155
What is 26576d (base 15) in base 9?
3415404
What is -2014112 (base 5) in base 4?
-13322113
What is -71757 (base 13) in base 6?
-4205323
-12303311210 (base 4) to base 6
-102132432
What is 60124 (base 14) in base 5?
24340344
Convert 243142553 (base 6) to base 9.
8640586
What is 826923 (base 10) in base 11?
515309
Convert -1110100101100110101010 (base 2) to base 5.
-1434332132
What is 2204120 (base 5) in base 14?
dc0b
Convert -123211202 (base 4) to base 14.
-2d270
Convert 10001211010 (base 3) to base 9.
101733
164522 (base 7) to base 6
412022
544235 (base 11) to base 8
3242057
Convert 14002111 (base 5) to base 12.
69662
651085 (base 9) to base 11
245491
-1a49700 (base 11) to base 16
-34b215
Convert 22439 (base 10) to base 14.
826b
Convert 100100001110010001110011 (base 2) to base 15.
c787e7
What is -4219072 (base 10) in base 15?
-585167
Convert 733688 (base 11) to base 10.
1176095
Convert 1422413114 (base 5) to base 8.
16133063
What is -134266351 (base 7) in base 14?
-123d0d1
126b2 (base 12) to base 8
61146
What is -1a93055 (base 11) in base 7?
-41621151
What is -12051747 (base 9) in base 15?
-7b234a
Convert -1370536 (base 9) to base 4.
-2320110021
Convert 1122003000 (base 4) to base 7.
3064212
210024334 (base 5) to base 12
356483
What is -20412340 (base 5) in base 4?
-221123320
2132001113 (base 4) to base 11
402324
-2682368 (base 9) to base 3
-2202202102022
What is -13859995 (base 10) in base 9?
-28064304
What is -399fe9 (base 16) in base 2?
-1110011001111111101001
What is 55625 (base 11) in base 13?
2a900
What is -2088f4 (base 16) in base 7?
-24060235
Convert -2100000110001 (base 3) to base 9.
-2300401
What is -1221013 (base 5) in base 2?
-101101011011010
What is 1068773 (base 13) in base 2?
10011001000110111000100
What is -130034 (base 9) in base 4?
-103032223
-210121002010 (base 3) to base 15
-85e29
Convert 160246 (base 8) to base 4.
32002212
10111000111111010111 (base 2) to base 6
24123543
Convert -37b81 (base 16) to base 3.
-102121001210
720c9 (base 16) to base 4
1302003021
What is -607116 (base 9) in base 4?
-1113301011
What is 214502034 (base 6) in base 3?
21021100221211
What is 3525144 (base 6) in base 15?
39174
271681a (base 12) to base 13
17b2997
101101102212 (base 3) to base 4
301322120
Convert -150aaa (base 14) to base 5.
-141411024
Convert -111310103 (base 5) to base 9.
-833166
Convert 214b16 (base 14) to base 16.
113330
Convert 4eb3 (base 16) to base 9.
30565
-23868 (base 13) to base 11
-44a49
What is -3120110003 (base 4) in base 6?
-30553535
562344 (base 10) to base 13
168c63
What is -3366246 (base 9) in base 16?
-1bb376
Convert 89b56 (base 12) to base 4.
230230302
-400423230 (base 6) to base 8
-31605202
What is -3c1780 (base 15) in base 6?
-141542503
Convert -2021010010100 (base 3) to base 10.
-1202940
Convert 31463652 (base 7) to base 5.
1140440042
-9ede (base 16) to base 2
-1001111011011110
What is -cbaa (base 14) in base 3?
-1210022222
111201120201 (base 3) to base 9
451521
Convert -230415 (base 10) to base 15.
-48410
What is 3c006a (base 15) in base 5?
1214320400
Convert 10140243 (base 5) to base 4.
110131233
Convert 1c50c6 (base 13) to base 6.
23313140
What is 12201212000 (base 3) in base 10?
112887
Convert -32102033223 (base 4) to base 13.
-a11636
-107b4b (base 13) to base 8
-1366762
What is -1002311 (base 6) in base 13?
-18640
Convert 1144061 (base 7) to base 10.
145475
Convert 1101101000110011111 (base 2) to base 11.
285824
Convert -1011001010100001100111 (base 2) to base 8.
-13124147
What is 6b203 (base 12) in base 10?
143715
What is -3e8749 (base 16) in base 2?
-1111101000011101001001
1acf6 (base 16) to base 15
2280e
2905a4 (base 13) to base 15
14b729
1311614 (base 10) to base 13
36c005
What is -44b330 (base 12) in base 8?
-4140024
79a347 (base 14) to base 8
17623153
What is 103022020230 (base 4) in base 7?
60455064
What is 14990f (base 16) in base 13?
383579
What is 30753 (base 13) in base 3?
11102020210
Convert -156ac (base 16) to base 5.
-10301344
What is -2611a (base 14) in base 4?
-112311030
1230401143 (base 5) to base 13
805073
Convert 127a5 (base 13) to base 10.
34273
Convert -545525032 (base 6) to base 7.
-146146664
What is -2562ed (base 15) in base 7?
-21144550
Convert 12211020001221 (base 3) to base 11.
1824075
-1111333003 (base 4) to base 8
-1257703
Convert 1a7a439 (base 13) to base 5.
4220343420
What is a4024 (base 11) in base 8?
450320
Convert -107652 (base 10) to base 9.
-173603
What is c10dcd (base 14) in base 6?
351113333
Convert -4047738 (base 11) to base 8.
-33226505
101101101100100111 (base 2) to base 12
9039b
Convert -1312012 (base 5) to base 7.
-135313
100110100 (base 2) to base 9
372
Convert -4035342 (base 8) to base 9.
-2001043
19255 (base 16) to base 8
311125
What is -1000101101110110110101 (base 2) in base 14?
-436a0d
-2a87c0 (base 13) to base 3
-1222012100220
What is 1a223 (base 16) in base 7?
624036
Convert -93a1 (base 11) to base 10.
-12453
Convert 3895b (base 15) to base 11.
113a83
What is -22500254 (base 6) in base 14?
-14036a
Convert 10000111001101111000 (base 2) to base 16.
87378
Convert -44335550 (base 6) to base 5.
-320203444
What is 41013 (base 16) in base 8?
1010023
Convert 370910 (base 13) to base 14.
2634cc
-2320330331 (base 5) to base 12
-190b870
Convert -551415 (base 7) to base 16.
-1794f
What is 3990885 (base 10) in base 15?
53c740
-1332212333 (base 4) to base 8
-1764677
Convert -11a82 (base 15) to base 7.
-323231
Convert -1d8a5 (base 14) to base 11.
-51a50
-31133322000 (base 4) to base 7
-42035334
84040 (base 14) to base 16
4db98
-1a6955 (base 12) to base 6
-14010145
10214242242 (base 5) to base 11
6046547
What is -c3ed (base 16) in base 4?
-30033231
-4246544 (base 9) to base 2
-1000101011011001101101
-21211211121022 (base 3) to base 7
-50304146
What is -2664754 (base 8) in base 2?
-10110110100111101100
What is -118549 (base 10) in base 7?
-1002424
Convert 34d129 (base 14) to base 6.
102351225
1001111001001101111000 (base 2) to base 13
6ca710
What is -677bd (base 16) in base 7?
-3413525
What is 8404752 (base 9) in base 15?
5dab1e
What is 1101211221102 (base 3) in base 11?
4697a9
8188343 (base 9) to base 10
4369179
-1525682 (base 9) to base 16
-ce0ed
-284737 (base 12) to base 3
-1021010010221
What is -611115 (base 7) in base 6?
-2115503
43199 (base 13) to base 15
25d55
Convert -56653003 (base 7) to base 15.
-677e5d
3103331301 (base 4) to base 15
1223a9
Convert 10101110011101 (base 2) to base 15.
3495
Convert 110321133210 (base 4) to base 16.
5397e4
Convert -1a620 (base 11) to base 15.
-8784
-9150 (base 14) to base 9
-37215
5b031 (base 13) to base 11
10452a
-120212131 (base 4) to base 8
-304635
What is -59dbc (base 14) in base 5?
-24010430
-1001010101101101110011 (base 2) to base 8
-11255563
Convert -20121230 (base 4) to base 9.
-52175
Convert -17daa (base 16) to base 15.
-1de3b
-100101100000100001 (base 2) to base 13
-54c0c
Convert -1192310 (base 14) to base 8.
-40073572
-106b36 (base 16) to base 10
-1076022
-49373 (base 13) to base 4
-200313122
What is 23933 (base 11) in base 7?
202202
What is -54572 (base 13) in base 12?
-7432b
-1561130 (base 7) to base 8
-646667
-12121001210 (base 4) to base 6
-55524152
What is 20250524 (base 8) in base 11?
246413a
301201040 (base 6) to base 10
5101296
Convert 34a423 (base 12) to base 6.
30054443
What is 82e15 (base 15) in base 14?
ab2d2
What is -1102202101000 (base 3) in base 5?
-143402204
Convert -110111010010010010 (base 2) to base 8.
-672222
What is -68266 (base 11) in base 8?
-300770
-2031033132 (base 4) to base 5
-122003101
760ba (base 13) to base 8
640416
What is -354137 (base 8) in base 6?
-2331503
What is -2e1611 (base 16) in base 7?
-34446361
Convert -10300120302 (base 4) to base 2.
-100110000011000110010
Convert 750265 (base 8) to base 13.
89a68
Convert -221013013 (base 4) to base 9.
-275881
3803620 (base 11) to base 4
121031033120
Convert 149448 (base 10) to base 16.
247c8
Convert -1001001101111010 (base 2) to base 16.
-937a
Convert 422c81 (base 13) to base 2.
101111010001000010101
10200101002102 (base 3) to base 12
7a3b18
What is -1320201302 (base 4) in base 12?
-1b9842
63abb (base 15) to base 4
1031032031
What is -23991a4 (base 12) in base 14?
-cc22a8
Convert 1403232134 